 Let z be p(-5). What is the tens digit of (-4)/z - 1036/(-10)?
0
Suppose 5*w - 33368 - 84481 = -4*j, -3*j - 8*w = -88391. What is the ten thousands digit of j?
2
Let k = -95 + 1751. What is the thousands digit of k?
1
Let y(h) = 2*h**2 + 2*h + 10. Let i be y(0). Let m(c) = 4*c + 23. Let d be m(i). Let l = -5 + d. What is the tens digit of l?
5
What is the thousands digit of -1 - (-1307862)/30 - 219/(-365)?
3
Suppose -2*p - 189 = p. Let q = 69 + p. Suppose 5*m = -3*t + 556, -t = -m + q*m - 182. What is the hundreds digit of t?
1
Let m(u) = -2184*u - 548. What is the tens digit of m(-5)?
7
Let q be 5211*2/12*2*1. Suppose 15*i - 5832 = -q. What is the hundreds digit of i?
2
Let t(s) = 2*s - 10. Let p be t(6). Suppose -p*i - 60 = 188. Let c = -14 - i. What is the tens digit of c?
1
Let d(q) = 59*q + 5. Let h(m) = -3*m - 19. Let u be h(-8). Let a be d(u). Suppose 2*c = -3*c + a. What is the units digit of c?
0
What is the tens digit of 140*17/((-680)/(-330))?
5
Suppose 30*l + 129924 = 34*l + 5*d, -2*l + 2*d = -64980. What is the tens digit of l?
8
Let j(c) = -c - 33. Let a(k) = k + 34. Let h(g) = -4*a(g) - 5*j(g). What is the tens digit of h(-4)?
2
What is the units digit of (-7 + 480/70)/((-1)/148043)?
9
Suppose -23*q - 4200 = -2*v - 27*q, -2*v - 5*q + 4202 = 0. What is the tens digit of v?
9
Let w = 2868 + 29474. What is the tens digit of w?
4
Let w(j) = -j - 3. Let f be w(-6). Suppose f*d - 3 = -0. What is the hundreds digit of (-1*(4 - 150))/d?
1
Let u be 27/9*(1 + (-4)/(-6)). Suppose 3*b - 6 = 0, -6848 = -u*k + 3*b - 7*b. What is the hundreds digit of k?
3
What is the thousands digit of (-3 + -4 - (-4500)/8)*10?
5
Suppose 221*i = 222*i - 3*u - 22694, 5*i - 113570 = -5*u. What is the ten thousands digit of i?
2
Suppose -5*s = -45*s + 211400. What is the hundreds digit of s?
2
Let v = 6574 + 5920. What is the units digit of v?
4
What is the tens digit of 17*(-15)/(75/(-1370))?
5
Let a(u) = 1921*u - 1867. What is the units digit of a(23)?
6
Suppose 283*p + 890450 = 3459524. What is the units digit of p?
8
Let p(y) = 18*y - 2. Let g(z) = 3*z - 28. Let f be g(6). Let s be ((-102)/(-85))/((-4)/f). What is the units digit of p(s)?
2
Let f(i) = 588*i - 94. Let j be 253/69 + 4/(-6). What is the tens digit of f(j)?
7
Let d be -1 + 3 + 1 + 1. Suppose -d*l - n - 13 = 4*n, -n + 7 = 4*l. Suppose -l*f + 38 = -f. What is the units digit of f?
9
Suppose -16*c - 74 = -26. What is the hundreds digit of 3/(c/((-498)/2))?
2
Suppose -3*w + 15 = -12, -n + w + 4269 = 0. What is the hundreds digit of n?
2
Suppose -5*v = -6*j + 5*j - 677, 0 = -4*v + 5*j + 550. Suppose 0*w = -3*w + 6. Suppose -5*i = o - 141, 2*o - o + w*i = v. What is the tens digit of o?
3
Let k(o) = 2*o**2 - o - 2. Let f(l) = l - 3 - l + l - l**3 - 6*l**2 - 7*l. Let z be f(-5). What is the units digit of k(z)?
4
Let m be 9/(-6)*(-56)/12. Suppose 15 = w - 2*t + 2, -2*w + 18 = 4*t. Suppose w*z - 96 = m*z. What is the units digit of z?
4
What is the hundreds digit of -1 - 9/(-7) - 101524277/(-7567)?
4
Let k(r) be the second derivative of -20*r**3/3 + r**2/2 + r. Let y(h) = h**3 + 25*h**2 + 134*h - 38. Let x be y(-17). What is the tens digit of k(x)?
6
Let j(c) = -c**2 - 22*c - 51. Let x be j(-20). What is the units digit of (x - 0)*12*10/(-40)?
3
Let q be ((-44)/55)/(2/(23040/(-3))). Let j = q + -1961. What is the hundreds digit of j?
1
Suppose 1227392 = 16*p + 156816. What is the tens digit of p?
1
Let v be (-2)/4 - 2/(-4). Let j = -36 - -86. Suppose 4*p - 5*i - 97 = 0, v*p = 2*p - 2*i - j. What is the units digit of p?
8
Let g = 277 - 367. What is the hundreds digit of -1085*-3*(-12)/g?
4
Let q = -80217 + 124616. What is the hundreds digit of q?
3
Let d = 169 + -167. Suppose 3*y = d*y + 11. What is the tens digit of y?
1
Let y = 181258 - 101763. What is the hundreds digit of y?
4
Let k = -12683 - -23114. What is the ten thousands digit of k?
1
Let g(z) be the first derivative of -1/4*z**4 + 2*z + 1/2*z**2 - 7 - 2/3*z**3. What is the units digit of g(-4)?
0
Let d(g) = 10*g**3 - 131*g**2 - 39*g + 114. What is the ten thousands digit of d(18)?
1
Let p(z) = 40*z**2 + 7*z - 27. Let u(x) = 41*x**2 + 8*x - 26. Let w(q) = -2*p(q) + 3*u(q). What is the hundreds digit of w(3)?
3
Let m(t) be the third derivative of -t**7/504 + 13*t**6/360 - t**5/10 - 22*t**2. Let k(w) be the third derivative of m(w). What is the hundreds digit of k(-9)?
1
Let f(o) = -7*o + 4. Let z be f(4). Let h be 4/(-10) + z/(-10). Suppose -h = v - 20. What is the tens digit of v?
1
What is the tens digit of -8*((6 - 39609/36) + -7)?
1
Let j(t) = -17*t + 8. Let k(z) = -13*z + 34. Let p(h) = -4*h + 27. Let u be p(6). Let a be k(u). What is the tens digit of j(a)?
9
Let y = 5811 + -2014. Let z = -2282 + y. What is the hundreds digit of z?
5
Suppose -12*s + 16 = -8*s. Suppose s*z - 17 = -r, 7*r = 2*r - 3*z + 17. What is the units digit of r - (3 - -1) - -40?
7
Suppose -2*g + 63 = -3*g + 3*y, 2*y - 10 = 0. Let k = 6 + 52. Let v = g + k. What is the tens digit of v?
1
Let y be (117530/(-105))/(-2*(-1)/(-3)). Suppose 3*m + 2*p = -2*p + 1254, -3*p + y = 4*m. What is the tens digit of m?
2
Suppose -8*d + 5*d + 7980 = 3*p, -2*d = -5*p - 5299. What is the thousands digit of d?
2
Suppose 2*w - 4*m = 2 + 930, 2*m = -2*w + 938. Suppose 0 = 2*d + 2*a + 174 - w, -4*d + 4*a + 596 = 0. What is the hundreds digit of d?
1
Suppose 0 = s - 3*i - 16, 17 = 5*s + 2*i - 29. Let g(a) = a**2 - 4*a + 40. What is the tens digit of g(s)?
0
Let c(w) = -956*w + 2910. What is the tens digit of c(-34)?
1
Let y = -38210 + 54539. What is the units digit of y?
9
Let z = -28 - -30. Suppose 43 = z*c + 39. Suppose -r = -2*u - 16, c*u = -5*r - 3*u + 125. What is the tens digit of r?
2
Let j(l) = 117*l**2 + 5*l - 14. Let n be (-28)/35 - (-28)/10. What is the units digit of j(n)?
4
What is the thousands digit of (-23716)/(-3) + -1 - -5*40/300?
7
Let v = -363 + 377. Suppose 24*w - v*w = 6370. What is the hundreds digit of w?
6
Let n(y) = 19*y**2 - 131*y + 15. Let f be n(-8). Let b = -1406 + f. What is the hundreds digit of b?
8
Let a = -32 - -45. Suppose 5*u + 160 = a*u. What is the hundreds digit of (-7)/(105/(-1584)) - (-8)/u?
1
Let m(p) = 5*p + 3200. What is the thousands digit of m(-43)?
2
Let a(i) = 5*i**2 + 9*i - 36. Let d = 64 + -57. What is the hundreds digit of a(d)?
2
Let t(a) = 3*a**2 + 3*a + 34. Let w be t(-5). Suppose -4*v = y - 266 + w, 5*v + 208 = y. What is the units digit of y?
8
Suppose -3*x - 20 = -y, -4*x = -x + 3*y. Let d be 5 - x*(-8)/20. Suppose -d*a - 39 = -141. What is the units digit of a?
4
Let u(h) be the second derivative of h**4/6 + 11*h**3/6 + 15*h**2/2 + 335*h. Suppose 0 = s + 4*b - 6, 2*b - 30 = 7*s - 3*s. What is the units digit of u(s)?
1
Let c(d) be the first derivative of d**3 + 3*d**2 - 11*d - 44. What is the hundreds digit of c(8)?
2
Let h = 268 + -243. Suppose h*j = 8*j + 7463. What is the units digit of j?
9
Suppose 0 = 2*l - 45*l - 172. Let b(m) = -21*m**3 + 4*m**2 + 12*m + 4. What is the hundreds digit of b(l)?
3
Suppose -8*s + 201 = -9*s. Let n = 490 + s. Let o = n + -118. What is the hundreds digit of o?
1
Let p = 856 - 596. Suppose 13*a - 55 = 2*a. Suppose p = 3*g - d - 93, a*g = -d + 575. What is the units digit of g?
6
Let r be 30/(-15)*(-53)/2. Let g = r - -97. What is the units digit of g?
0
Let y(j) = j**2 - 4*j + 26. Let a be 2 - (3 - (2 - (-1 + 2))). Suppose a = -l, -5*x + 36 = -x - 5*l. What is the units digit of y(x)?
1
What is the units digit of 113514/30 + -2 - -12*1/(-15)?
1
Suppose 0 = -5*g + 15, 3*g - 2901 = 6*f - 9*f. What is the hundreds digit of f?
9
Let o(k) = k**2 - 26*k - 13. Let w be o(-23). Let c = w + -572. What is the units digit of c?
2
Let d be (70/(-21))/((-20)/(-24)). What is the thousands digit of (3 - 5 - -1414) + 0 + d?
1
Let w(p) = -p + 22. Suppose 4*v - 3*v = 5*j + 22, 5*j + 90 = 5*v. Let z be w(v). Suppose z*b = -4*u + 474, 7*u - 376 = -4*b + 3*u. What is the units digit of b?
8
Let g(k) = -k**2 + 16*k - 12. Let v be g(14). Suppose v*j - 10*j = 1836. What is the hundreds digit of j?
3
Suppose 3*h + 51 = 3*i, 11*h + 50 = 7*h - 5*i. What is the units digit of (6030/24)/h*-4?
7
Suppose -12862 = -5*c - 3*i, -6*i = -c - 8*i + 2578. What is the thousands digit of c?
2
Let h(m) be the first derivative of 3*m*